*d - 41. Suppose -s + 8 = 3*s. Suppose l = 5*v - s*v. What is the remainder when 75 is divided by v?
11
Suppose 5*o - 3*o = -92. Let k be ((-8)/14 - 105/(-98))*106. Let j = k + o. What is the remainder when j is divided by 2?
1
Let x = 11 + 52. Suppose x = 21*b - 42. Calculate the remainder when 3/9*(0 - -57) is divided by b.
4
Let v(c) = -c**2 - 502*c - 2939. What is the remainder when 513 is divided by v(-6)?
32
Let b = 2796 - 2427. What is the remainder when b is divided by 31?
28
Let c = 334 - 315. Suppose a - 9 = -3*j + c, 5*a - 173 = -4*j. What is the remainder when a is divided by (-165)/(-12) - 2/(-8)?
9
Let s be 0/(10/5) - -360. Suppose -s + 120 = -6*r. Suppose b - 2*t = 19, -t + 0*t = -b + 15. What is the remainder when r is divided by b?
7
Let d(a) be the second derivative of -a**5/20 + 5*a**4/6 - 3*a**3/2 - 19*a**2/2 + 40*a. Calculate the remainder when d(6) is divided by 1/(-3*2/(-150)).
21
Let i be 1 - (-2240)/(-21)*-18. Suppose 157 - i = -28*u. What is the remainder when u is divided by 17?
12
Suppose x - 3 + 1 = 0. Suppose 5*r - 41 = -x*t + 68, 3*r = 5*t - 195. What is the remainder when t is divided by (19 - (-3178)/(-154))/((-3)/22)?
6
Let a be 7/((-126)/(-135))*(-4)/(-10). Suppose i + i = 3*f - 122, a*i - 59 = -f. Let k = -5 - -14. Calculate the remainder when f is divided by k.
8
Suppose 2*c + 0*h - h = -40, -2*c - 5*h - 28 = 0. Let d = c - -45. Let u = d + 2. What is the remainder when u is divided by 10?
8
Let p be 6/((-2)/(-128)*6). Let f = p + -26. Suppose -2*t + 226 = -j, 20*j = -3*t + 16*j + 339. Calculate the remainder when t is divided by f.
37
Suppose 4*a - 3*t = -3, -3*a = 3*t + 3 - 27. Suppose a*r = -1 + 4. Let u(y) = 15*y**2 + y. Calculate the remainder when 31 is divided by u(r).
15
Let p(v) = -v**3 + 5*v**2 + 2*v - 24. Let i be p(4). Let l(h) = -9*h + 52. Calculate the remainder when l(i) is divided by 11.
8
Suppose 534 = -17*o - 26*o + 921. What is the remainder when 4352 is divided by o?
5
Let g(v) = -v**2 + v + 185. Let o(t) = 4*t**2 - 12*t - 25. What is the remainder when g(0) is divided by o(-3)?
44
Suppose -119*u + 124*u - c = 457, 0 = -2*u + 5*c + 192. What is the remainder when 514 is divided by u?
59
Suppose -2*h + 13 = -119. Let j = 1237 - 1237. Suppose j = 73*w - 47*w - 624. Calculate the remainder when h is divided by w.
18
Let x(d) be the third derivative of d**5/60 + 3*d**4/4 + 4*d**3/3 - 17*d**2. Calculate the remainder when (9/(-6))/(1/(-26)) is divided by x(-18).
7
Suppose 9*v - 15*v - 12 = 0. Let f be ((v - -4)*4)/(-1 - -3). Calculate the remainder when 14 is divided by (9 + -1)/f*3.
2
Suppose -3*s + 4 = 16, 0 = -5*j - 2*s + 12. Let i = j + 9. Suppose -i = -13*k - 0. What is the remainder when 5 is divided by k?
0
Suppose -8*p + 14 = -p. Let b(u) = u**p + u**2 + 7*u + 2 - 12*u - 14*u. What is the remainder when b(12) is divided by 16?
14
Let h = -277 + 103. Suppose -11*g - 1325 = -16*g. Let l = g + h. What is the remainder when l is divided by 23?
22
Suppose 0 = -52*k + 12 + 869 + 2239. Calculate the remainder when 294 is divided by k.
54
Suppose o = 85 - 77. Suppose 3*h = 4*h - o. What is the remainder when 95 is divided by h?
7
Let i(t) be the second derivative of 2*t**3 + 219*t**2/2 + 17*t - 1. Calculate the remainder when 99 is divided by i(-16).
18
What is the remainder when 345 is divided by (17 - 48/4) + 4*17?
53
Let m(q) = q**3 + 10*q**2 - 2*q - 8. Let h be m(-10). Let j = -12 + h. Suppose 2*u + j*u = 44. What is the remainder when u is divided by 13?
9
Let y(q) = q**3 + 27*q**2 + 49*q + 18. Let w be y(-25). Let h = w - 38. Calculate the remainder when 26 is divided by h.
1
Suppose 66*p - 71*p = -40310. Calculate the remainder when p is divided by 11.
10
Suppose -10*q + 4*k = -408, 150*q = 154*q + 2*k - 210. Let a(m) = 4*m + 2. Let y be a(3). Let t = -2 + y. Calculate the remainder when q is divided by t.
10
Let r = 17351 - 16993. What is the remainder when r is divided by 219?
139
Suppose 111*k - 124*k = -8853. What is the remainder when k is divided by 115?
106
Let o(u) = 162*u - 1252. Calculate the remainder when 147 is divided by o(8).
15
Let j = 53 + -51. Suppose -3*o = -j*o - 17. What is the remainder when 135 is divided by o?
16
Suppose -1160 - 2428 = -52*y. What is the remainder when 751 is divided by y?
61
Suppose -3*n + 54 = 4*k - 247, -2*n - 140 = -2*k. Calculate the remainder when 520 is divided by k.
9
Let h = 118820 - 118810. Suppose 4*d - 24 = 96. What is the remainder when d is divided by h?
0
Let l(j) = 15*j - 24 - 22 + 62. Let z be l(-7). Let q = z + 149. What is the remainder when q is divided by 31?
29
Suppose h - 172 = -3*h. Suppose 0 = -90*b + 107*b - 374. What is the remainder when h is divided by b?
21
Suppose 44 - 224 = -6*a. Let f = 33 + -22. Calculate the remainder when a is divided by f.
8
Let p(m) = -m**2 - 13*m + 16. Let q be (23 + -21)*13/(-2). Suppose -4*s = 5*k - 173, -2*s + 103 = -0*k - 3*k. Calculate the remainder when s is divided by p(q).
15
Suppose -2*s + 21 = -z, -3*s - z + 33 = -3*z. What is the remainder when 552 is divided by s?
3
Suppose -5*n + 265*d = 263*d - 147, 0 = -2*n - d + 48. What is the remainder when 5426 is divided by n?
26
Suppose d + 283 - 88 = 0. Let q = -82 - d. Let y = 54 + -25. What is the remainder when q is divided by y?
26
What is the remainder when 18384/(-9)*684/(-152) is divided by 14?
8
Suppose 9*q - 10 - 8 = 0. Suppose -q*c + 15 = -c + b, 3*b + 7 = c. Calculate the remainder when (-1)/(2/(-61))*2 is divided by c.
9
Suppose -2*c - 1467 = -3*k, 5*k + 110*c - 109*c = 2445. What is the remainder when k is divided by 30?
9
Let r(v) = -474*v + 478*v - 129 + 14. Let m(z) = -2*z + 58. Let u(h) = 7*m(h) + 3*r(h). Calculate the remainder when 21 is divided by u(25).
10
Let n(g) = -2*g**3 - 13*g**2 + 22*g - 3. Calculate the remainder when n(-10) is divided by 6/(-51) + 5460/170.
29
Suppose 98*v + 93 = 101*v. Suppose v = 3*z - h, -3*z + 4*h = -2*z + 8. Calculate the remainder when 30 is divided by z.
6
Let h be (-16)/(-6)*(-3)/(-2). Suppose -19 = -s - h. Suppose 19*n - 222 - 205 = 67. Calculate the remainder when n is divided by s.
11
Suppose -1471*l + 1435*l + 612 = 0. What is the remainder when 2734 is divided by l?
14
Let w(l) = -2*l**3 - 150*l**2 - 140*l + 621. Calculate the remainder when 5216 is divided by w(-74).
25
Let n = -718 + 914. Let i(b) = 41*b**3 - 2*b**2 + b. What is the remainder when n is divided by i(1)?
36
Let b(d) = -d**3 + 5*d**2 - 5. Let p = -28 + 33. Let g be b(p). What is the remainder when 43 is divided by -1 + 23 + g + 3 + 3?
20
Let h = 652 - 352. Suppose -2*j = -8*j - h. Let v = j + 70. Calculate the remainder when 97 is divided by v.
17
Suppose 2*y = -3*y + 50. Suppose 4*h = 2*n - 266, -3*h + 609 = 94*n - 90*n. Suppose 0 = -3*z + y*z - n. Calculate the remainder when 122 is divided by z.
17
Suppose 0 = 2*h - 113 + 393. Calculate the remainder when 70 is divided by 5 - (-3)/((-12)/h).
30
Let q = -138 - -208. Suppose r - 25 + 26 = 0. Let c(u) = -18*u**3 + u**2 - 1. Calculate the remainder when q is divided by c(r).
16
Suppose 4*g + 4*n - 28 = -0*g, -7 = 4*g - 3*n. Suppose g*h + 2*j - 14 = 0, 13*h - 11*h - 20 = j. What is the remainder when 37 is divided by h?
1
Let n(x) = -8*x - 76. Let r be n(-12). Suppose 0 = p - 27 - r. What is the remainder when p is divided by 6?
5
Let o be 655/4 - (-3 + 22/8). Suppose 3*x = -9, -134 = -5*k + x + o. Calculate the remainder when k is divided by 6.
5
Let v = 250 + -231. Calculate the remainder when 60 is divided by v.
3
Calculate the remainder when (1 - 4) + 9*(-146)/(-6) is divided by 173.
43
Suppose 0 = -416*q + 419*q + 45. What is the remainder when 89 is divided by (-411)/q - 49/35?
11
Suppose 1854*g + 153 = 1871*g. Calculate the remainder when 210 is divided by g.
3
What is the remainder when (-32)/(30/(-280)*16/24) is divided by 132?
52
Suppose 2*i + 0 = -3*v + 6, -5*i - 2*v + 37 = 0. What is the remainder when 1793 is divided by i?
2
Let k = 119 - 86. Let i = -442 + 506. What is the remainder when i is divided by k?
31
Suppose 0 = 3*q + 33 - 54. Let s(j) = -1 - q - 2 + 3*j - 3. Calculate the remainder when 7 is divided by s(5).
1
Suppose 482 = -y - 1077. Let a = y - -2282. What is the remainder when a is divided by 33?
30
Suppose -1286*v + 5924 = -45805 -